{"id":47,"date":"2022-11-09T22:14:09","date_gmt":"2022-11-09T22:14:09","guid":{"rendered":"https:\/\/www.revista.investigacion-kankei.com\/?page_id=47"},"modified":"2023-04-26T15:58:22","modified_gmt":"2023-04-26T15:58:22","slug":"declaracion-de-etica-y-buenas-practicas-editoriales","status":"publish","type":"page","link":"https:\/\/www.revista.investigacion-kankei.com\/?page_id=47","title":{"rendered":"Declaraci\u00f3n de \u00e9tica y buenas pr\u00e1cticas editoriales"},"content":{"rendered":"\t\t<div data-elementor-type=\"wp-page\" data-elementor-id=\"47\" class=\"elementor elementor-47\" data-elementor-settings=\"[]\">\n\t\t\t\t\t\t\t<div class=\"elementor-section-wrap\">\n\t\t\t\t\t\t\t<section class=\"elementor-section elementor-top-section elementor-element elementor-element-1e72791 elementor-section-boxed elementor-section-height-default elementor-section-height-default\" data-id=\"1e72791\" data-element_type=\"section\">\n\t\t\t\t\t\t<div class=\"elementor-container elementor-column-gap-default\">\n\t\t\t\t\t<div class=\"elementor-column elementor-col-100 elementor-top-column elementor-element elementor-element-225dbf7\" data-id=\"225dbf7\" data-element_type=\"column\">\n\t\t\t<div class=\"elementor-widget-wrap elementor-element-populated\">\n\t\t\t\t\t\t\t\t<div class=\"elementor-element elementor-element-44ae84f elementor-widget elementor-widget-spacer\" data-id=\"44ae84f\" data-element_type=\"widget\" data-widget_type=\"spacer.default\">\n\t\t\t\t<div class=\"elementor-widget-container\">\n\t\t\t\t\t<div class=\"elementor-spacer\">\n\t\t\t<div class=\"elementor-spacer-inner\"><\/div>\n\t\t<\/div>\n\t\t\t\t<\/div>\n\t\t\t\t<\/div>\n\t\t\t\t\t<\/div>\n\t\t<\/div>\n\t\t\t\t\t\t\t<\/div>\n\t\t<\/section>\n\t\t\t\t<section class=\"elementor-section elementor-top-section elementor-element elementor-element-ada30c8 elementor-section-boxed elementor-section-height-default elementor-section-height-default\" data-id=\"ada30c8\" data-element_type=\"section\">\n\t\t\t\t\t\t<div class=\"elementor-container elementor-column-gap-default\">\n\t\t\t\t\t<div class=\"elementor-column elementor-col-100 elementor-top-column elementor-element elementor-element-5731d32\" data-id=\"5731d32\" data-element_type=\"column\">\n\t\t\t<div class=\"elementor-widget-wrap elementor-element-populated\">\n\t\t\t\t\t\t\t\t<div class=\"elementor-element elementor-element-803214f elementor-widget elementor-widget-heading\" data-id=\"803214f\" data-element_type=\"widget\" data-widget_type=\"heading.default\">\n\t\t\t\t<div class=\"elementor-widget-container\">\n\t\t\t<h2 class=\"elementor-heading-title elementor-size-default\">KANKEI, Revista sobre familia e interacci\u00f3n social<\/h2>\t\t<\/div>\n\t\t\t\t<\/div>\n\t\t\t\t\t<\/div>\n\t\t<\/div>\n\t\t\t\t\t\t\t<\/div>\n\t\t<\/section>\n\t\t\t\t<section class=\"elementor-section elementor-top-section elementor-element elementor-element-1748ae4 elementor-section-boxed elementor-section-height-default elementor-section-height-default\" data-id=\"1748ae4\" data-element_type=\"section\">\n\t\t\t\t\t\t<div class=\"elementor-container elementor-column-gap-default\">\n\t\t\t\t\t<div class=\"elementor-column elementor-col-100 elementor-top-column elementor-element elementor-element-28a7566\" data-id=\"28a7566\" data-element_type=\"column\">\n\t\t\t<div class=\"elementor-widget-wrap elementor-element-populated\">\n\t\t\t\t\t\t\t\t<div class=\"elementor-element elementor-element-db7554f elementor-widget elementor-widget-heading\" data-id=\"db7554f\" data-element_type=\"widget\" data-widget_type=\"heading.default\">\n\t\t\t\t<div class=\"elementor-widget-container\">\n\t\t\t<h3 class=\"elementor-heading-title elementor-size-default\">Declaraci\u00f3n de \u00e9tica y buenas pr\u00e1cticas editoriales<\/h3>\t\t<\/div>\n\t\t\t\t<\/div>\n\t\t\t\t\t<\/div>\n\t\t<\/div>\n\t\t\t\t\t\t\t<\/div>\n\t\t<\/section>\n\t\t\t\t<section class=\"elementor-section elementor-top-section elementor-element elementor-element-464be71 elementor-section-boxed elementor-section-height-default elementor-section-height-default\" data-id=\"464be71\" data-element_type=\"section\">\n\t\t\t\t\t\t<div class=\"elementor-container elementor-column-gap-default\">\n\t\t\t\t\t<div class=\"elementor-column elementor-col-100 elementor-top-column elementor-element elementor-element-eb31bc1\" data-id=\"eb31bc1\" data-element_type=\"column\">\n\t\t\t<div class=\"elementor-widget-wrap elementor-element-populated\">\n\t\t\t\t\t\t\t\t<div class=\"elementor-element elementor-element-588b61e elementor-widget elementor-widget-text-editor\" data-id=\"588b61e\" data-element_type=\"widget\" data-widget_type=\"text-editor.default\">\n\t\t\t\t<div class=\"elementor-widget-container\">\n\t\t\t\t\t\t\t<p><strong><em>KANKEI, Revista sobre familia e interacci\u00f3n social<\/em><\/strong>, pretende mantener pol\u00edticas y lineamientos rigurosos para garantizar la integridad acad\u00e9mica y \u00e9tica, as\u00ed como para prevenir el plagio y otras formas de mala conducta cient\u00edfica. A continuaci\u00f3n, se describen algunos de estos lineamientos:<\/p><p>\u00a0<\/p><ol><li><strong> Registro de ensayos cl\u00ednicos:<\/strong> <strong><em>KANKEI, Revista sobre familia e interacci\u00f3n social<\/em><\/strong>, requiere que todos los ensayos cl\u00ednicos (como los estudios cl\u00ednicos en psicolog\u00eda que eval\u00faan la efectividad de diferentes tipos de tratamiento o terapia para condiciones psicol\u00f3gicas espec\u00edficos mediante su comparaci\u00f3n), que se presenten para su publicaci\u00f3n hayan sido registrados al menos en una base de datos institucional reconocida antes del inicio del estudio; que cumplan con el uso del consentimiento informado de los participantes y acaten los criterios \u00e9ticos de investigaci\u00f3n delineados por la <a href=\"http:\/\/www.secretariasenado.gov.co\/senado\/basedoc\/ley_1090_2006.html\"><strong>Ley 1090 de 2006<\/strong><\/a> y por la <a href=\"https:\/\/www.apa.org\/ethics\/\"><strong>American Psychological Association &#8211; APA<\/strong><\/a>.<\/li><\/ol><p>\u00a0<\/p><ol start=\"2\"><li><strong>Declaraci\u00f3n de conflictos de intereses:<\/strong> <strong><em>KANKEI, Revista sobre familia e interacci\u00f3n social<\/em><\/strong>, requiere que todos los autores declaren cualquier conflicto de intereses potencial que puedan tener en relaci\u00f3n con el manuscrito o trabajo que est\u00e1n presentando para su publicaci\u00f3n.<\/li><\/ol><p>\u00a0<\/p><ol start=\"3\"><li><strong>Identificaci\u00f3n de fuentes:<\/strong> <strong><em>KANKEI, Revista sobre familia e interacci\u00f3n social<\/em><\/strong>, requiere que los autores identifiquen todas las fuentes utilizadas en su manuscrito o trabajo y reconozcan cualquier contribuci\u00f3n significativa de otras personas o instituciones.<\/li><\/ol><p>\u00a0<\/p><ol start=\"4\"><li><strong>Revisi\u00f3n por pares:<\/strong> <strong><em>KANKEI, Revista sobre familia e interacci\u00f3n social<\/em><\/strong>, utiliza el proceso de revisi\u00f3n por pares acad\u00e9micos con procedimiento de doble ciego para evaluar todos los trabajos presentados para su publicaci\u00f3n. Los revisores o pares acad\u00e9micos son expertos en la materia y seleccionados por el <strong>Comit\u00e9 Editorial<\/strong>.<\/li><\/ol><p>\u00a0<\/p><ol start=\"5\"><li><strong>Prevenci\u00f3n del plagio:<\/strong> <strong><em>KANKEI, Revista sobre familia e interacci\u00f3n social<\/em><\/strong>, utiliza software de detecci\u00f3n de plagio para identificar cualquier contenido que pueda ser imitaci\u00f3n, copia o reproducci\u00f3n de ideas con plenos derechos de autor as\u00ed como la mala conducta relacionada con la duplicaci\u00f3n de publicaciones. La revista tambi\u00e9n tiene pol\u00edticas claras sobre la mala conducta cient\u00edfica y el plagio, y se reserva el derecho de retirar cualquier trabajo que considere no cumple con estos est\u00e1ndares.<\/li><\/ol><p>\u00a0<\/p><ol start=\"6\"><li><strong>Responsabilidad del autor:<\/strong> <strong><em>KANKEI, Revista sobre familia e interacci\u00f3n social<\/em><\/strong>, espera que todos los autores de un trabajo presentado para su publicaci\u00f3n asuman la responsabilidad de la integridad acad\u00e9mica y \u00e9tica del trabajo. Los autores deben garantizar que todos los datos utilizados en el trabajo sean precisos y que la investigaci\u00f3n se haya llevado a cabo de acuerdo con los principios \u00e9ticos.<\/li><\/ol><p>\u00a0<\/p><p>En general, <strong><em>KANKEI, Revista sobre familia e interacci\u00f3n social<\/em><\/strong>, declara una pol\u00edtica de tolerancia cero para cualquier forma de mala conducta cient\u00edfica y se esfuerza por garantizar que todos los trabajos publicados en la revista sean de la m\u00e1s alta calidad y se hayan llevado a cabo de manera \u00e9tica y responsable.<\/p><p>\u00a0<\/p><p>Adem\u00e1s, <strong><em>KANKEI, Revista sobre familia e interacci\u00f3n social<\/em><\/strong>, en cuanto a la \u00e9tica y buenas pr\u00e1cticas editoriales en la publicaci\u00f3n cient\u00edfica, se adhiere a las pautas establecidas por el <a href=\"https:\/\/www.icmje.org\/\"><strong>Comit\u00e9 Internacional de Editores de Revistas M\u00e9dicas<\/strong><\/a> (ICMJE por sus siglas en ingl\u00e9s), compuesto por los editores de m\u00e1s de 14 revistas m\u00e9dicas y cient\u00edficas internacionales de gran impacto a nivel mundial, fundado en 1978 con el objetivo de establecer est\u00e1ndares \u00e9ticos y de calidad para la publicaci\u00f3n de investigaciones m\u00e9dicas y cient\u00edficas en revistas m\u00e9dicas.<\/p><p>\u00a0<\/p><p><strong><em>KANKEI, Revista sobre familia e interacci\u00f3n social<\/em><\/strong>, se adhiere a los est\u00e1ndares \u00e9ticos y de calidad para la publicaci\u00f3n de investigaciones en revistas de ciencias sociales y humanidades generados por el Comit\u00e9 de \u00c9tica de Publicaciones de Ciencias Sociales y Humanidades (CEPCSH); en ingl\u00e9s, <a href=\"https:\/\/publicationethics.org\/\"><strong>Committee on Publication Ethics for Social Sciences and Humanities<\/strong><\/a> (COPE-SCH).<\/p><p>\u00a0<\/p><p><strong>Comit\u00e9 Editorial<\/strong><\/p><p><strong><em>KANKEI, Revista sobre familia e interacci\u00f3n social<\/em><\/strong><\/p>\t\t\t\t\t\t<\/div>\n\t\t\t\t<\/div>\n\t\t\t\t\t<\/div>\n\t\t<\/div>\n\t\t\t\t\t\t\t<\/div>\n\t\t<\/section>\n\t\t\t\t\t\t<\/div>\n\t\t\t\t\t<\/div>\n\t\t","protected":false},"excerpt":{"rendered":"<p>KANKEI, Revista sobre familia e interacci\u00f3n social Declaraci\u00f3n de \u00e9tica y buenas pr\u00e1cticas editoriales KANKEI,&#8230;<\/p>\n","protected":false},"author":1,"featured_media":0,"parent":0,"menu_order":0,"comment_status":"closed","ping_status":"closed","template":"","meta":[],"_links":{"self":[{"href":"https:\/\/www.revista.investigacion-kankei.com\/index.php?rest_route=\/wp\/v2\/pages\/47"}],"collection":[{"href":"https:\/\/www.revista.investigacion-kankei.com\/index.php?rest_route=\/wp\/v2\/pages"}],"about":[{"href":"https:\/\/www.revista.investigacion-kankei.com\/index.php?rest_route=\/wp\/v2\/types\/page"}],"author":[{"embeddable":true,"href":"https:\/\/www.revista.investigacion-kankei.com\/index.php?rest_route=\/wp\/v2\/users\/1"}],"replies":[{"embeddable":true,"href":"https:\/\/www.revista.investigacion-kankei.com\/index.php?rest_route=%2Fwp%2Fv2%2Fcomments&post=47"}],"version-history":[{"count":18,"href":"https:\/\/www.revista.investigacion-kankei.com\/index.php?rest_route=\/wp\/v2\/pages\/47\/revisions"}],"predecessor-version":[{"id":258,"href":"https:\/\/www.revista.investigacion-kankei.com\/index.php?rest_route=\/wp\/v2\/pages\/47\/revisions\/258"}],"wp:attachment":[{"href":"https:\/\/www.revista.investigacion-kankei.com\/index.php?rest_route=%2Fwp%2Fv2%2Fmedia&parent=47"}],"curies":[{"name":"wp","href":"https:\/\/api.w.org\/{rel}","templated":true}]}}